
Convert 21354 (base 8) to base 2.
10001011101100
Convert -131132 (base 4) to base 12.
-1112
-b4 (base 15) to base 6
-441
100200100 (base 4) to base 10
67600
1002110 (base 4) to base 7
15242
Convert -23222 (base 4) to base 10.
-746
-5299 (base 10) to base 11
-3a88
What is -179c (base 13) in base 9?
-4728
-2848 (base 11) to base 10
-3682
What is -11e0 (base 15) in base 13?
-1971
21232 (base 4) to base 8
1156
What is 23302 (base 5) in base 12?
b9a
-1120023 (base 4) to base 11
-4270
What is 3222 (base 6) in base 4?
23132
What is -4757 (base 13) in base 2?
-10011100111011
What is -377 (base 8) in base 13?
-168
What is 2657 (base 10) in base 16?
a61
Convert -1311 (base 6) to base 15.
-171
Convert 11112210 (base 3) to base 9.
4483
What is -5431 (base 7) in base 4?
-132031
Convert 236 (base 12) to base 3.
110020
9763 (base 11) to base 16
325f
What is -3658 (base 9) in base 11?
-2059
-5304 (base 6) to base 5
-14232
Convert -14310 (base 6) to base 7.
-6426
What is 101 (base 12) in base 9?
171
1244024 (base 5) to base 8
60471
6 (base 7) to base 2
110
Convert 916 (base 12) to base 16.
522
What is -27b8 (base 12) in base 5?
-121404
Convert 1110110010010000 (base 2) to base 14.
180da
What is -8890 (base 14) in base 3?
-1012102210
Convert 25c (base 14) to base 8.
732
Convert -65163 (base 10) to base 9.
-108343
What is -204300 (base 5) in base 6?
-51333
110101000011 (base 2) to base 15
1015
923 (base 14) to base 9
2414
Convert 6484 (base 10) to base 16.
1954
What is 1101011010 (base 2) in base 8?
1532
What is 140011 (base 5) in base 15?
1a06
Convert -7570 (base 12) to base 6.
-135420
What is 7343 (base 14) in base 11?
13a10
Convert -4004 (base 5) to base 16.
-1f8
What is 2001101 (base 5) in base 16?
7aa9
Convert -3619 (base 11) to base 15.
-160e
Convert -1111111101 (base 2) to base 16.
-3fd
74ac (base 16) to base 4
13102230
What is 9161 (base 14) in base 11?
17847
What is -3430 (base 5) in base 11?
-406
What is 4063 (base 7) in base 3?
1221111
Convert -2544 (base 10) to base 11.
-1a03
-10110010101011 (base 2) to base 12
-674b
Convert 650 (base 8) to base 5.
3144
What is -e25 (base 15) in base 2?
-110001110001
-12011 (base 9) to base 13
-3868
55652 (base 8) to base 14
87a2
What is -120221 (base 3) in base 8?
-656
What is -8098 (base 10) in base 15?
-25ed
What is -51726 (base 8) in base 10?
-21462
2122121122 (base 3) to base 9
78548
21790 (base 10) to base 4
11110132
Convert -306 (base 14) to base 4.
-21102
Convert -1001000110100 (base 2) to base 9.
-6347
Convert -1c54 (base 13) to base 7.
-15343
Convert -1176 (base 12) to base 3.
-2200200
1010000000100101 (base 2) to base 14
10d25
Convert 748 (base 13) to base 10.
1243
-13111033 (base 4) to base 16
-754f
What is 14971 (base 12) in base 7?
150430
11 (base 6) to base 8
7
115c (base 13) to base 5
34233
Convert 100121 (base 5) to base 16.
c59
1502 (base 10) to base 7
4244
Convert 1010221202 (base 3) to base 7.
122534
What is -43082 (base 10) in base 15?
-cb72
20 (base 8) to base 3
121
What is 10030223 (base 4) in base 14?
63a3
-24 (base 12) to base 8
-34
1425 (base 7) to base 9
680
What is 110110101 (base 2) in base 5?
3222
3721 (base 11) to base 12
2993
What is -100222 (base 3) in base 2?
-100001101
What is 4cdd (base 14) in base 13?
6203
Convert -215555 (base 6) to base 11.
-126a4
-1617 (base 10) to base 15
-72c
Convert 1544 (base 6) to base 5.
3144
Convert 135d (base 14) to base 16.
d57
Convert 32 (base 15) to base 16.
2f
Convert -45003 (base 6) to base 12.
-3763
16890 (base 10) to base 16
41fa
Convert 2431 (base 6) to base 5.
4340
What is 10010010000110 (base 2) in base 5?
244400
-110011101101 (base 2) to base 7
-12435
Convert -1355 (base 6) to base 15.
-18e
21200300 (base 4) to base 14
102ac
Convert 8302 (base 11) to base 6.
122553
What is -b205 (base 15) in base 8?
-111314
Convert 10125 (base 13) to base 3.
1110110020
Convert -15134 (base 8) to base 12.
-3aa4
Convert -12031 (base 5) to base 11.
-740
53057 (base 10) to base 15
10ac2
Convert -20235 (base 10) to base 16.
-4f0b
-1341 (base 5) to base 15
-eb
What is -3e7 (base 16) in base 10?
-999
22324 (base 5) to base 16
635
What is 8215 (base 15) in base 2?
110101101001110
10110001011 (base 2) to base 14
735
What is -12031 (base 4) in base 14?
-205
What is 1357 (base 8) in base 15?
351
-1031002 (base 4) to base 12
-2a2a
What is 454 (base 8) in base 16?
12c
-10101101101 (base 2) to base 13
-82b
1299 (base 11) to base 14
881
Convert 9dd7 (base 14) to base 7.
142660
Convert 505 (base 15) to base 10.
1130
-1666 (base 11) to base 2
-100001010001
-406 (base 15) to base 8
-1612
What is -1da (base 15) in base 16?
-1ae
139ab (base 13) to base 5
2134224
Convert 254531 (base 7) to base 2.
1011100010011010
What is -a18 (base 16) in base 12?
-15b4
-100351 (base 6) to base 4
-1323223
Convert -20111212 (base 3) to base 13.
-2213
What is 17380 (base 9) in base 12?
6b23
Convert 27735 (base 9) to base 11.
13163
2527 (base 9) to base 6
12424
58 (base 11) to base 12
53
What is -12534 (base 6) in base 7?
-5425
-1559 (base 14) to base 9
-5185
Convert -5c3b (base 14) to base 11.
-1112a
What is -214052 (base 6) in base 2?
-100010101010000
-6045 (base 7) to base 9
-2773
Convert 5052 (base 6) to base 2.
10001011000
What is -733 (base 16) in base 7?
-5242
What is -10212 (base 5) in base 2?
-1010101010
Convert -28f0 (base 16) to base 11.
-7968
1b9 (base 13) to base 5
2241
What is 3f (base 16) in base 6?
143
-4cc (base 13) to base 2
-1101001100
Convert 5d3 (base 15) to base 3.
1211000
-5c5 (base 14) to base 6
-5201
Convert -3321 (base 5) to base 4.
-13031
Convert 2314 (base 11) to base 2.
101111100000
What is -12635 (base 8) in base 4?
-1112131
Convert 9152 (base 10) to base 6.
110212
1101101001 (base 2) to base 12
609
203110 (base 5) to base 14
25d5
13314 (base 5) to base 3
1111011
1221 (base 5) to base 4
2322
-11000111001 (base 2) to base 12
-b09
Convert 7642 (base 15) to base 3.
1021100022
-5bec (base 16) to base 4
-11233230
What is 2121122201 (base 3) in base 10?
51508
-1cbd (base 16) to base 5
-213412
1103 (base 7) to base 8
613
-1232311 (base 4) to base 15
-217d
Convert -13434 (base 5) to base 4.
-101133
What is -12341 (base 5) in base 12?
-68b
Convert 2357 (base 9) to base 3.
2101221
Convert 2440 (base 6) to base 7.
1515
-1213 (base 6) to base 7
-603
What is -56b (base 15) in base 14?
-638
What is -2025 (base 11) in base 5?
-41224
Convert 6957 (base 11) to base 16.
23b1
Convert -201101 (base 3) to base 14.
-295
17a (base 13) to base 2
100001110
Convert 2aa7 (base 13) to base 11.
4746
What is 484 (base 16) in base 12?
804
What is -5a8 (base 11) in base 5?
-10343
cc0 (base 15) to base 9
3850
Convert 4159 (base 11) to base 15.
1974
Convert -1979 (base 13) to base 3.
-12020102
What is -24511 (base 12) in base 11?
-339a2
Convert -27771 (base 8) to base 14.
-4693
-32 (base 10) to base 2
-100000
Convert -18892 (base 13) to base 16.
-b9f8
Convert 2130 (base 6) to base 3.
200000
15b (base 13) to base 6
1045
7c6 (base 14) to base 15
6d1
Convert -237 (base 13) to base 8.
-600
Convert 1144005 (base 6) to base 16.
ec45
What is 2318 (base 9) in base 7?
5003
bb6 (base 12) to base 5
23342
Convert -4824 (base 11) to base 3.
-22200000
13330 (base 4) to base 12
364
What is -1360 (base 9) in base 4?
-100002
What is 70 (base 15) in base 4?
1221
Convert 14a0 (base 11) to base 2.
11110000101
What is 9170 (base 10) in base 13?
4235
Convert 111 (base 15) to base 7.
463
125 (base 16) to base 3
101212
Convert -16a3 (base 12) to base 13.
-130b
What is b28b (base 12) in base 8?
45713
Convert -30403 (base 5) to base 14.
-a14
Convert -25633 (base 10) to base 13.
-b88a
What is 62 (base 16) in base 5?
343
Convert -6b1 (base 13) to base 8.
-2206
Convert 496f (base 16) to base 8.
44557
1000001011110000 (base 2) to base 13
12346
What is -22a (base 12) in base 2?
-101000010
Convert -213 (base 5) to base 14.
-42
Convert c8d3 (base 16) to base 3.
2121112010
What is 4b7 (base 16) in base 6?
5331
Convert -32305 (base 6) to base 12.
-2695
Convert -110 (base 8) to base 3.
-2200
What is -12113 (base 4) in base 11?
-340
Convert -511 (base 13) to base 5.
-11414
Convert f63 (base 16) to base 10.
3939
-3476 (base 10) to base 15
-106b
Convert 101101100100011 (base 2) to base 12.
11603
What is 3332011 (base 4) in base 7?
652